38562
In base 3, what is -2 + -11012?
-11021
In base 16, what is -103673 + 0?
-103673
In base 9, what is -263645 + 0?
-263645
In base 5, what is 10 - 113442?
-113432
In base 12, what is -3a441 + 0?
-3a441
In base 14, what is 1d43 + -18?
1d29
In base 5, what is 1140340 + 103?
1140443
In base 9, what is -5 - 3382?
-3387
In base 6, what is 142011003 + 1?
142011004
In base 9, what is -4474 - -41?
-4433
In base 11, what is 1 + 607724?
607725
In base 16, what is e7c - -1?
e7d
In base 4, what is 22222132 + 1?
22222133
In base 6, what is -14041 - -34?
-14003
In base 11, what is -181 + -92?
-263
In base 5, what is -134223 + 12?
-134211
In base 12, what is -13 - -239?
226
In base 9, what is 26 - -4316?
4343
In base 12, what is -405 + -26?
-42b
In base 13, what is b64 - -26?
b8a
In base 8, what is 0 + -546265?
-546265
In base 13, what is 595 - -2a?
5c2
In base 8, what is 5 - -52453?
52460
In base 5, what is -1120 - 241?
-1411
In base 10, what is 80261 + 2?
80263
In base 12, what is 9 + -3032?
-3025
In base 16, what is 1420bc + 2?
1420be
In base 5, what is -31 - -14100402?
14100321
In base 12, what is 1 - -1a9315?
1a9316
In base 11, what is -18582 - -2?
-18580
In base 16, what is 3cbf + -94?
3c2b
In base 6, what is -22 - 430?
-452
In base 3, what is 11 + -1222220?
-1222202
In base 6, what is -113 + 40541?
40424
In base 12, what is 355 - 288?
89
In base 12, what is -19444 + -3?
-19447
In base 13, what is 47275 + -3?
47272
In base 16, what is 108 + -63?
a5
In base 8, what is -2101 - 240?
-2341
In base 5, what is -101334 + 3011?
-43323
In base 5, what is 411444433 - -4?
411444442
In base 4, what is 20302112 - 10?
20302102
In base 15, what is 2b + d7?
113
In base 16, what is -94 + 8b2?
81e
In base 16, what is 22 + -d66?
-d44
In base 2, what is 10 - 10110111010011?
-10110111010001
In base 2, what is -1101101100110100 + 101001?
-1101101100001011
In base 12, what is 73 + 20?
93
In base 11, what is 5 + -227950?
-227946
In base 9, what is 14625 + 30?
14655
In base 7, what is -445252 + 32?
-445220
In base 3, what is 1000 + 11111010?
11112010
In base 10, what is -271116 - 0?
-271116
In base 4, what is -23 + -22300302?
-22300331
In base 5, what is 30121 - -34?
30210
In base 11, what is 145 - 5?
140
In base 2, what is -1000011101101101100110 + 0?
-1000011101101101100110
In base 7, what is 3 + -16345?
-16342
In base 11, what is -38555 - 81?
-38626
In base 16, what is -369 + -d6?
-43f
In base 9, what is -764 + 45?
-718
In base 14, what is 66 + 6025?
608b
In base 7, what is -4123226 + 5?
-4123221
In base 10, what is 0 - -41823?
41823
In base 3, what is -2001 + -1120122?
-1122200
In base 9, what is -8828 - 6?
-8835
In base 15, what is 17 - -1707?
171e
In base 4, what is -200033002 + -12?
-200033020
In base 15, what is -106e + -74?
-10e3
In base 16, what is -7 - -1b8c?
1b85
In base 8, what is 1 - -53004?
53005
In base 14, what is -a676c - 3?
-a6771
In base 15, what is 0 + -805?
-805
In base 8, what is 23 - 252?
-227
In base 6, what is -135 - -202?
23
In base 16, what is -10f4c - 6?
-10f52
In base 12, what is 6b - 724?
-675
In base 6, what is -52202 + -3?
-52205
In base 11, what is -2043 + 286?
-1868
In base 16, what is 147e - d6?
13a8
In base 16, what is -86a + 7?
-863
In base 2, what is 1101111001101101 + 111?
1101111001110100
In base 9, what is 123474 + -6?
123467
In base 10, what is 32853 - 3?
32850
In base 6, what is -20 - 55331?
-55351
In base 8, what is 4 + 10534?
10540
In base 8, what is -142 - -4346?
4204
In base 5, what is -20301 + 43441?
23140
In base 3, what is 1110021 + 222000?
2102021
In base 2, what is 110 - 10001010111111000?
-10001010111110010
In base 7, what is -1346 - -3003?
1324
In base 7, what is 50 + -141663?
-141613
In base 3, what is -2200020 - 111?
-2200201
In base 15, what is -17 - -1a2?
18a
In base 10, what is -776454 + -5?
-776459
In base 7, what is -5 - -440506?
440501
In base 6, what is -12 - -1135152?
1135140
In base 8, what is -27204 - 11?
-27215
In base 12, what is -2 + -1683?
-1685
In base 10, what is -184 + 2371?
2187
In base 6, what is -22124 - -2020?
-20104
In base 11, what is -7697 + 3?
-7694
In base 7, what is 422 - -4435?
5160
In base 7, what is 214 - -1441?
1655
In base 4, what is 2 - -233022212?
233022220
In base 7, what is -323142 + 5?
-323134
In base 13, what is 62 - -2153?
21b5
In base 9, what is 435 + 1426?
1862
In base 9, what is 3 - 20742?
-20738
In base 4, what is 2 + 3322310111?
3322310113
In base 13, what is -3 + -2b7a7?
-2b7aa
In base 13, what is -5769 + 3?
-5766
In base 4, what is 20 - -13312103?
13312123
In base 14, what is -1 + 201b?
201a
In base 4, what is 2032030 + 3?
2032033
In base 2, what is -10111011100100 - 10000101?
-10111101101001
In base 14, what is -378da8 + 2?
-378da6
In base 14, what is 11c - -7?
125
In base 12, what is 2 + 11894?
11896
In base 14, what is 10 - 8d06?
-8cd6
In base 6, what is 2 - -12101302?
12101304
In base 15, what is 6 - -1274?
127a
In base 13, what is 2 + 229b2?
229b4
In base 12, what is -441b + -4?
-4423
In base 5, what is 1341 + -41040?
-34144
In base 8, what is 7 - 27427?
-27420
In base 15, what is -5 - 5a40?
-5a45
In base 12, what is 155 + -124a?
-10b5
In base 4, what is 102113301 - -11?
102113312
In base 4, what is -122030 + -31?
-122121
In base 15, what is 5a6 + -141?
465
In base 4, what is -13323 + 23031?
3102
In base 3, what is 101 + 20122021100?
20122021201
In base 4, what is 11 - -30011113?
30011130
In base 4, what is 1220 + -1033?
121
In base 15, what is -44 - 28e0?
-2934
In base 13, what is -325 - 331?
-656
In base 15, what is -edcc - 5?
-edd2
In base 15, what is -158 + -1d9?
-342
In base 11, what is 15a94 - -10?
15aa4
In base 5, what is -314 + -201?
-1020
In base 14, what is 5dc47 - -7?
5dc50
In base 11, what is 38 + 5106?
5143
In base 3, what is 22102101 - 10012?
22022012
In base 5, what is -3342401 + -2?
-3342403
In base 2, what is -1011010111111110 + -101?
-1011011000000011
In base 10, what is 0 + -2095?
-2095
In base 9, what is 7360 - -8?
7368
In base 13, what is 16 - -b8?
101
In base 5, what is 404340101 + -4?
404340042
In base 12, what is 2915 + -13?
2902
In base 3, what is 121210 - -100212212?
101111122
In base 2, what is 110000111010 - 101001?
110000010001
In base 9, what is 102556 - -5?
102562
In base 3, what is 2 + 1102010?
1102012
In base 14, what is -1a + 113b?
1121
In base 11, what is 2 + 10683?
10685
In base 14, what is 5 - -28214?
28219
In base 13, what is 36 + -80b?
-7a5
In base 10, what is -169 - 6?
-175
In base 9, what is -14 - 22637?
-22652
In base 14, what is 5 + 47a6?
47ab
In base 8, what is 1651560 - -3?
1651563
In base 2, what is 101 + -111100101011000111100?
-111100101011000110111
In base 14, what is -31cb - -1?
-31ca
In base 2, what is 111001 + 10111101101?
11000100110
In base 11, what is -35266 + 1?
-35265
In base 4, what is 10100 + 21300?
32000
In base 9, what is 10655 - -71?
10736
In base 9, what is 754 + -4?
750
In base 14, what is -330bc - 4?
-330c2
In base 14, what is 49b55 - 5?
49b50
In base 6, what is 522 - 251?
231
In base 5, what is -14031 - 14232?
-33313
In base 6, what is 205053 - -242?
205335
In base 7, what is 36 + 2410?
2446
In base 8, what is -23 - -11230?
11205
In base 9, what is -32 + -35312?
-35344
In base 3, what is 10 + -110010022212?
-110010022202
In base 7, what is 3 + 54531?
54534
In base 9, what is -1564 - 1474?
-3148
In base 4, what is 3 - 30113212?
-30113203
In base 5, what is -4320001 + 0?
-4320001
In base 15, what is -8c8 + -5?
-8cd
In base 11, what is 214 - -9?
222
In base 9, what is -3111 + -4?
-3115
In base 16, what is fc8 - -39e?
1366
In base 12, what is -247a - -1b9?
-2281
In base 5, what is 10201044 - 102?
10200442
In base 15, what is -8e85 - -6?
-8e7e
In base 7, what is 44 - -3534?
3611
In base 7, what is 45044 - 15?
45026
In base 12, what is -1826 - -4?
-1822
In base 5, what is -101 + -4330?
-4431
In base 5, what is -110414 + 21?
-110343
In base 14, what is 5 + -4a226?
-4a221
In base 5, what is -10242014 - 33?
-10242102
In base 6, what is 13 + 1525042?
1525055
In base 14, what is 31dd62 + -4?
31dd5c
In base 7, what is 14402 - 2?
14400
In base 9, what is 221 - 2?
218
In base 2, what is 1101110101101110 - -11?
1101110101110001
In base 10, what is -6315 + -215?
-6530
In base 6, what is -44 - -4053453?
4053405
In 